 Let w be z(5). Let p = w - 306. Calculate the highest common factor of p and 540.
60
Suppose 5*d + 17 = -4*r, 3*r - d + 19 = -6*d. Suppose 6*c - c = 20, -4*c + 82 = r*l. What is the greatest common factor of l and 121?
11
Let c = -65 + -112. Let s be (-4)/(4 - 0)*-3 - c. What is the highest common factor of s and 36?
36
Suppose 6*a - a = -5*j + 1065, -2*j + 414 = -a. Let t = -483 - -502. What is the highest common divisor of t and j?
19
Let t be 11*(-5)/(-8) + 15/120. Let j be 68/t - (-5 - 264/(-56)). Let h(n) = -5*n - 10. Let c be h(-7). Calculate the highest common divisor of c and j.
5
Let j be ((-50)/3)/(34/51). Let w(t) = t**3 + 26*t**2 + 22*t - 7. Let y be w(j). Calculate the highest common divisor of y and 204.
68
Suppose -2*x = -7*x + 1750. Suppose 272*s - 276*s + 74 = 5*c, 4*c + 4*s - 60 = 0. What is the greatest common divisor of x and c?
14
Suppose 0 = 3*v - 5*f, -23*f = 2*v - 19*f. Suppose v = -2*w - 66 + 306. Let i(n) = -9*n + 3. Let x be i(-3). Calculate the greatest common divisor of w and x.
30
Suppose v - 1915 = -30*j + 31*j, 2*v = -3*j + 3825. Calculate the greatest common factor of 528 and v.
66
Let z(c) = 3*c**2 - c - 20. Let a be z(-5). Let l(k) = k + 74. Let u be l(-44). What is the greatest common factor of a and u?
30
Let m(z) be the third derivative of -49*z**4/4 - 11*z**3/3 + 37*z**2. Let x be m(-1). What is the greatest common factor of 102 and x?
34
Let v be 20/15 + (4332/18)/1. What is the highest common factor of 9559 and v?
121
Suppose 8*n = -2*n + 30. Let o be n*2/3 + -7. Let f be 18 - o/((-10)/(-8)). What is the greatest common factor of 55 and f?
11
Let h be 2/(-20) + 2373997/1570. What is the greatest common divisor of 162 and h?
54
Let v = -369 - -182. Let c = 313 + v. Let s(r) = -3*r - 7. Let k be s(-7). What is the highest common divisor of k and c?
14
Let i(o) = 3*o**3 - o**2 + o - 1. Let z be i(1). Let f be z - -17 - 1 - 0. Let w = -209 - -211. Calculate the highest common divisor of w and f.
2
Let v(r) = r**2 - 3*r - 55. Let d be v(-7). Suppose 35*y - d*y - 420 = 0. What is the highest common factor of y and 567?
21
Let r = 395 + -381. Suppose 238 = r*q - 434. Calculate the highest common divisor of 240 and q.
48
Let m(a) = -a**2 + 13*a - 10. Let z be m(12). Let v(g) = -g**3 + 3*g**2 + g. Let w be v(4). Let o = -11 - w. Calculate the highest common factor of z and o.
1
Let n(s) be the first derivative of s**3/3 - 33*s**2/2 + 25*s + 117. Let z be n(33). What is the highest common factor of 675 and z?
25
Suppose 4*j + 34 = 118. Let f be 540/j - 6/(-21). Calculate the greatest common divisor of 130 and f.
26
Let d be -1 + 9 - (1 + -2 + 3). Suppose 9*k = d*k + 3. Let l(x) = 30*x + 1. Let n be l(k). What is the greatest common divisor of n and 31?
31
Let z be (114026/33)/(7 - 140/21). Calculate the greatest common divisor of z and 146.
146
Suppose -3*g - 61 = -5*v - 12, 4 = -v - 4*g. Let s be 6836/14 - (-4)/(-14). Calculate the greatest common factor of s and v.
8
Suppose -2*r + 7*r = 345. Let v = -70706 - -71189. Calculate the highest common divisor of r and v.
69
Suppose -5*q = 5*j - 830, -j - 5*q + 239 = 61. Calculate the greatest common divisor of j and 27547.
163
Suppose -p - 495 = -4*p. Suppose h + p = 4*h. Let y = -9595 + 9617. What is the greatest common divisor of h and y?
11
Suppose -2*m + 4*k = -368, 4*m + 788 = 8*m + 5*k. What is the greatest common factor of m and 84?
12
Suppose 126*d + 7438 = -2390. Suppose -5*m - w - w = 493, -5*w = -4*m - 368. Let z = d - m. What is the greatest common factor of 95 and z?
19
Suppose -5*o + 4642 = 4*n, -204*n = o - 202*n - 926. What is the greatest common factor of o and 434?
62
Suppose -9*a + a + 24 = 0. Suppose -12 = -3*d + f, -3*d + a*f = f - 9. Calculate the greatest common divisor of 80 and d.
5
Let b = -1033 - -1042. Calculate the highest common divisor of b and 531.
9
Suppose -4*o - 12*g = -15*g - 31, 0 = 3*o - 5*g - 37. Let z be 4/(1*(5 + -3)). Let y be -1 + o - (z - 8). What is the greatest common divisor of 18 and y?
9
Let t(l) = -l**3 + 25*l**2 - 26*l + 50. Suppose 41*f + 72 = 44*f. Let y be t(f). Let m be 33*3/18*y. Calculate the greatest common factor of 11 and m.
11
Suppose -5*z - 70 = 3*w, -4*w = -6*w - z - 49. Let t = 23 + w. Let s be 35 + (-4 - t/1). Calculate the highest common divisor of s and 165.
33
Let t(n) be the second derivative of 23*n**3/2 - 15*n**2/2 + 38*n - 1. Let s be t(7). What is the greatest common divisor of 39 and s?
39
Let d = -116 + 296. Suppose -19*b = -20*b + d. Suppose 434*p - 100 = 429*p. Calculate the highest common divisor of b and p.
20
Let f = -59 - -170. Let g be (-21)/49 - 4*(-12)/14. Calculate the greatest common divisor of g and f.
3
Suppose 3*t = 6, -2*u - t + 12 = -7*u. Let b be (-1808)/(-32) + 3/u. What is the highest common factor of 44 and b?
11
Suppose -6*h - 475 + 1171 = 0. Let z = h - 32. What is the highest common factor of 308 and z?
28
Suppose 0*i + 15 = -5*i, 0 = 2*m + 4*i - 8. Suppose -m*p = -15*p + 180. What is the highest common divisor of p and 27?
9
Suppose 0 = 4*v + 20 - 156. Suppose a = 4*d - 44, -5*d + 2*a + 42 + 13 = 0. Suppose 5*f - 1360 = -d*f. Calculate the greatest common divisor of v and f.
17
Let w(q) = 2*q**2 - q + 3. Let x be w(-6). Let m = x + -48. Calculate the greatest common divisor of 55 and m.
11
Let c(q) = -q**3 + 55*q**2 - 364*q - 276. Let n be c(47). Suppose -2*s = 2*a - 10, 3*a + 2 = -2*s - 2*a. What is the greatest common divisor of s and n?
9
Let x(y) = -y**3 + 5*y**2 + y + 3. Let t be x(3). Suppose 267*j - 274*j + 2184 = 0. What is the highest common factor of t and j?
24
Suppose 0 = -2*l + 4*g + 82, -3*l = 50*g - 49*g - 95. Calculate the greatest common divisor of l and 2915.
11
Let o = 435 - 78. Let l(i) = 8*i - 475. Let h be l(62). What is the greatest common factor of o and h?
21
Let a(z) = 537*z - 1662. Let h be a(5). What is the highest common divisor of h and 297?
33
Suppose -11*c + 697003 = a, -c - 34*a + 63360 = -30*a. What is the greatest common divisor of 28 and c?
28
Suppose -21*q + 128 = -2*q - 62. Calculate the greatest common factor of 110 and q.
10
Suppose -4*u + 2*a - 362 = 0, -3*u + 3*a - 254 = -2*a. Let n = u + 95. Suppose -n = -3*g + 5*g, -4*v + 39 = g. What is the greatest common factor of 20 and v?
10
Let f(p) = p**3 - 5*p**2 - 3*p + 12. Let a be f(5). Let t = 7 + a. Suppose t*i - 8*i = -160. What is the greatest common factor of 4 and i?
4
Suppose 72*i - 467957 = 465370 - 335727. Calculate the greatest common divisor of 100 and i.
100
Suppose 7*m + 0*m = 14. Suppose 0 = h - m, -9*k + 5*k + 26 = -3*h. Calculate the highest common divisor of 16 and k.
8
Let u be 54/(-4)*(0 - 2). Let s = 278 - 241. Let h = s - u. What is the greatest common factor of h and 70?
10
Let o be 10904/44 + 2/11. Let t = o + -239. Calculate the highest common factor of 189 and t.
9
Let x(u) = 4*u + 1. Let o be x(1). Suppose o*g = -f + 3*g + 7, -2*f - 3*g + 13 = 0. Let j be (4/f)/(5/425). What is the greatest common factor of j and 4?
4
Let g be 3 - (-25)/(-8) - 1521/(-72). Calculate the highest common divisor of 66 and g.
3
Let f = -8042 + 8612. What is the greatest common divisor of 342 and f?
114
Let t(z) = -z**3 - 20*z**2 - 13*z + 16. Let o be t(-19). Let h = o + 127. Calculate the greatest common factor of 87 and h.
29
Suppose -3305 = -4*m - 2*l - 161, 3*l = -4*m + 3148. What is the highest common factor of 154 and m?
14
Let a = -11208 + 11799. What is the highest common factor of a and 27?
3
Suppose 127 = 4*n + z, -4*n - 164 = -9*n - 2*z. What is the greatest common divisor of 474 and n?
6
Let w(b) = 174*b + 100. Let x be w(2). Calculate the greatest common factor of x and 280.
56
Let z = 2427 + -1314. Calculate the greatest common factor of 28 and z.
7
Let j = -9 - -24. Suppose 8*o - j*o = -42. Let t be (-348)/(-90) + o/45. What is the greatest common factor of t and 44?
4
Suppose 10*h + 27 = 177. Suppose -h + 9 = -r. Calculate the highest common divisor of 510 and r.
6
Suppose 172*c - 54663 = 151*c. What is the highest common factor of c and 437?
19
Suppose -245 = -4*y - 5*h - 18, -y + 58 = h. What is the highest common factor of 1125 and y?
9
Let i(t) = 28 - t**2 - 3*t - 4*t - 6*t - 5*t. Let r be i(-14). Suppose -72 - r = -13*x. Calculate the highest common fac